hat is r(b)?
3
Let f(z) be the second derivative of z**3/6 + z**2/2 - 17*z. Let b be f(2). Suppose 14 = v - 4*r, -b*r + 6*r = 4*v - 30. Let i(q) = -2*q + 7. Calculate i(v).
-5
Suppose 2*n + 4 = 24. Let i be (-2 + 3)*n + -2 + 1. Let b(p) = 13*p + 29. Let a(w) = 3*w + 7. Let x(j) = i*a(j) - 2*b(j). Determine x(-3).
2
Let g be (-11)/88 + (-246)/(-48). Suppose 5*f + 4 = 3*v, -f - 2*f = -5*v + 12. Let c(h) = 4 + h**v + 0*h**2 + 2*h - 3 + 2*h - 6*h**2. Determine c(g).
-4
Let w(f) = -f**2 - 6*f - 14. Let q(n) = 4*n + 35. Let z be q(-10). What is w(z)?
-9
Let t(i) = -4*i + 1. Suppose 12*g + 26*g = -190. Determine t(g).
21
Let v(k) = -56*k + 8729 - 9029 - 3*k**2 + 4*k**2. Determine v(61).
5
Let s(i) be the first derivative of 5*i**4/4 - i**2 + i + 90. Let l(a) = a + 2. Let o be l(2). Suppose -2*f + 2 = -0*f - h, 0 = o*h. Give s(f).
4
Suppose 20*c - 2*c + 35 = 125. Let o(z) = 17*z - 7. Let k(d) = -9*d + 4. Let u(m) = 11*k(m) + 6*o(m). What is u(c)?
17
Let z(f) = -3*f**3 + 2*f**3 + 0*f**3 + 0*f - 24*f + 8 + f**2 + 22*f. Give z(0).
8
Let o(c) = -c**3 - 20*c**2 + 43*c - 26. Let r be 36/(-30)*(-165)/(-9). Calculate o(r).
-4
Let m(i) = 29*i - 250. Let q(z) = 9*z - 74. Let l(w) = -3*m(w) + 10*q(w). Let f be -1 + 0 + -1 + 10. Determine l(f).
34
Let b(o) = 5*o + 4. Let n(k) = -9*k - 7. Let y(q) = -11*b(q) - 6*n(q). Suppose 8 = -22*x + 20*x. Let f(m) = -m**2 - 6*m - 14. Let r be f(x). Give y(r).
4
Suppose 21*b + 49*b - 210 = 0. Let m(d) be the first derivative of -d**3/3 - d**2/2 + 2*d + 2. What is m(b)?
-10
Let y = -3646 + 3642. Let n(c) = -7*c - 22. Determine n(y).
6
Let g(y) = -33*y**3 - 76*y**2 + 135*y - 313. Let z(r) = 10*r**3 + 25*r**2 - 45*r + 102. Let m(q) = 3*g(q) + 10*z(q). What is m(-24)?
9
Suppose -128 = -8*v + 32. Suppose v*g = 16*g + 24. Let l(x) = x**3 - 6*x**2 - x - 1. Determine l(g).
-7
Let t(s) = -19*s - 1082. Let r be t(-57). Let z(h) = 45*h**3 - h**2 + 3*h - 1. Determine z(r).
46
Let f be (-2)/4*(-7)/(49/28). Let q(m) = -3*m + m**f - 229 + 51 + 58 + 50 + 58. Determine q(5).
-2
Let h(v) = -2*v**2 + 63*v + 12. Let w be h(32). Suppose -t = 4*t + 4*i - 86, -23 = -t + 5*i. Let b = t + w. Let n(x) = -4*x - 3. Determine n(b).
5
Suppose 5*c = z + 19, -3*c = -3*z - c + 8. Let p(n) = 19*n - 106. Let h(a) = -33*a + 185. Let y(b) = -4*h(b) - 7*p(b). Determine y(z).
-4
Let u(q) = 24*q**3 + 63*q**2 - 7*q - 15. Let k(y) = -13*y**3 - 33*y**2 + 4*y + 8. Let b(m) = 11*k(m) + 6*u(m). What is b(-15)?
-32
Let h be (4/(-6))/((-4)/(-6)). Let p(r) = r**3 + 9*r**2 - 27*r - 55. Let j be p(-11). Let d(w) = 2*w - 348 + j*w + 349. What is d(h)?
-1
Let k(i) = -17*i**2 - 3. Let c(z) = 11*z**2 + 2. Suppose 5*a = 3229 - 29. Let r be (0 - (-1)/(-3)) + a/(-96). Let j(s) = r*c(s) - 5*k(s). Give j(1).
9
Let i(n) = -421 + 211 + 3*n**2 + 200 + 25*n. What is i(-8)?
-18
Let q(v) = 5746*v**2 - 12*v - 127 - 104 + 238 - 5745*v**2. Let s(m) = -3*m - 7. Let i be s(-6). Calculate q(i).
-4
Let c = 35 - 27. Let f be -3 + 3 - 2 - -4. Let q(r) = -31*r**2 + 70*r**2 + 1 - 38*r**2 - 9*r + f. Calculate q(c).
-5
Let t be (-88)/(-15) - (-10)/75. Let o(n) = -n**3 + 7*n**2 - 5*n - 4. Let x be o(t). Let g(v) = -8 - 82*v**2 - 80*v**x + 161*v**2 - v. What is g(0)?
-8
Suppose 13 = p + 4. Let u(o) = 28*o - o**3 - 8 + 8*o**2 + 26*o - 82*o + 11*o + 26*o. Determine u(p).
-8
Let m = -5138 - -5139. Let z be (-23)/(-3) - 4/6. Let i(w) = -30*w**2 + 10*w + 4. Let v(f) = -20*f**2 + 7*f + 3. Let k(u) = z*v(u) - 5*i(u). What is k(m)?
10
Let y(x) = -1217*x - 3 - x**2 + 2582*x - 1360*x. Calculate y(5).
-3
Let r(m) = -5 + 14 + 18 - 8*m + 0 + 5. Calculate r(4).
0
Let y(z) = -z**3 - z**2 + 6*z + 2. Let p be y(-4). Suppose 0 = 5*b + 11 - p. Let d(o) = -3 - 6*o**2 + o**3 - 8*o - o**2 + b*o**3 - 5*o**3. Determine d(-6).
9
Suppose 0 = -16*i + 20*i - 116. Let f = i + -24. Suppose 5*o - 5*s = -35, 2*s = -f*o - s - 11. Let w(r) = r**3 + 3*r**2 - 3*r. What is w(o)?
-4
Let l(o) = -2*o**2 + 12*o - 23. Let d be l(4). Let a(f) be the third derivative of 3/2*f**3 + 0 + f**2 + 0*f + 1/12*f**4. Calculate a(d).
-5
Let d be ((-60)/100)/(9/(-270)). Let y(r) = -r + 59. What is y(d)?
41
Suppose -41*t + 77 = -292. Let g(k) be the third derivative of 0 + 3/8*k**4 - 2*k**2 + 1/6*k**3 + 1/120*k**6 - 1/6*k**5 + 0*k. What is g(t)?
1
Suppose -25*s = -32*s. Let j(b) = -172 + s*b + 148 - 5*b + 0*b. Give j(-4).
-4
Let o(n) be the first derivative of -n**2/2 + 6*n - 67. Let m(l) = 8. Let b(a) = -2*m(a) + 3*o(a). What is b(1)?
-1
Suppose -q + 0*q - k = -5, q = -4*k + 5. Suppose -6*d - q = 7. Let r(n) = 6*n - 2. Give r(d).
-14
Let c(t) = t**2 - 3*t + 3. Let i be c(1). Let q(f) be the third derivative of 0*f + 0 + 7*f**2 - 1/24*f**4 + 0*f**3. Give q(i).
-1
Let a(x) = x**3 + 9*x**2 + x - 5. Suppose 5*n - 10 = 0, -3*p - 2*n + 31 = -6*p. What is a(p)?
-14
Let c(x) = x**3 - 7*x**2 + 3*x + 3. Suppose 0 = 229*i - 234*i + 15. Suppose -33*k + 108 = i*k. Calculate c(k).
-24
Let y(n) = -n**2 + 12*n - 5. Let o(r) = 2*r**2 - 13*r + 4. Let m(h) = -2*o(h) - 3*y(h). Let c be (116/(-87))/(0 + 2)*12. What is m(c)?
23
Suppose 0 = -2*q + h - 25, -192*q + 196*q + 55 = 3*h. Let j(m) be the second derivative of m**4/12 + 3*m**3/2 - 3*m**2/2 - m. Determine j(q).
7
Let j(o) = o**2 + 2*o - 4. Suppose 4*v = 2*t + 12, 3*v = -3*t + 4*t + 11. Suppose 29 = 5*c + 3*w - 0*w, 4*c - 20 = -4*w. Let s = c - t. Calculate j(s).
11
Let x(q) = 5. Let o(h) = 10*h - 81. Let i(n) = -o(n) + 2*x(n). Determine i(9).
1
Let v(h) = -h**2 - 7*h + 2. Let f = -12246 + 12245. What is v(f)?
8
Suppose 0 = 2*b + 10*b - 89 - 19. Let h(g) = g**2 - 3*g - 23. Calculate h(b).
31
Suppose 0 = -11*u + 156 + 64. Let n(s) = -19*s**3 + 0 + u*s**3 + 1 + 2*s**2 - 6*s**2. Determine n(4).
1
Let y be -2*1 - 8/((-32)/12). Suppose -u = -2*h + 16, 0*h + y = 4*u + 5*h. Let v(w) = 5 + 31*w + w**2 - 23*w + 1. What is v(u)?
-6
Suppose 1957*m - 140 = 1971*m. Let u(z) = -4*z + 3. Determine u(m).
43
Let l = 319 + -307. Suppose -4*q - 4 = -l. Let p(m) = 2*m**3 - 2*m**2 - 3*m + 2. What is p(q)?
4
Let d(q) = 34915*q**2 - 9*q - 30 + q**3 - 69826*q**2 + 34913*q**2. What is d(-3)?
-12
Let c(r) be the third derivative of r**8/20160 + r**7/1008 - r**6/120 + 2*r**5/5 - 71*r**2. Let o(m) be the third derivative of c(m). Calculate o(-6).
0
Suppose -16 = -3*d + 20. Suppose -u + d = 2*y, 2*y + y + u = 18. Let j(a) = 329*a - 635*a - 2*a**2 + 316*a - 6. Calculate j(y).
-18
Let o(k) = -381 - 2*k - 370 + 713. Calculate o(-15).
-8
Let l(u) be the second derivative of -u**5/20 + u**4/6 + 11*u**3/6 - u**2/2 + 5*u - 178. Determine l(4).
11
Let f(b) = 3*b - 1. Let x = -2 - -5. Let j be (x + -1)/(-1 - -3). Let y be j/(1/((-3)/3)). What is f(y)?
-4
Let x(v) be the third derivative of v**4/8 - v**3/2 - 8*v**2. Suppose -k - 5*m - 8 = k, -3*k - m = -14. Suppose k*f = 5*f + 3. Determine x(f).
6
Let u(g) be the second derivative of g**4/12 - 3*g**3 - 2*g**2 + 27*g. Calculate u(18).
-4
Suppose 0 = -l - l + 36. Suppose -5*d = l + 7, 4*t - 5 = d. Let u(o) = 7*o - 16. Let b(y) = 5*y - 14. Let n(s) = -3*b(s) + 2*u(s). Give n(t).
10
Suppose -4*h + 2*n = -12, 4*h - 5*n + n = 8. Let y(s) = -s**2 - 44*s - 8. Let g(i) = 16*i + 2. Let l(v) = 3*g(v) + y(v). Calculate l(h).
-2
Suppose -r - 19*b = -15*b + 37, 5*r + 168 = -3*b. Let g(j) = j**3 + 35*j**2 + 68*j + 60. What is g(r)?
-6
Let y(k) = 11*k - 9. Let n(u) = 5*u - 4. Let p(v) = 14*n(v) - 6*y(v). Let s(z) = 3*z - 1. Let b(h) = -4*p(h) + 5*s(h). Let i = -1432 + 1426. Give b(i).
9
Let u(f) be the third derivative of -f**6/120 - f**5/15 - f**4/12 - f**3/3 - 1742*f**2. Determine u(-4).
6
Let k(l) = 2*l - 11. Let q(z) = -173*z + 181. Let h be q(6). Let b = h - -848. Give k(b).
-29
Let r(h) = 2*h - 3. Let v be 0 + 1/(0 + (-3)/(-213)). Let s = 69 - v. Let k(q) = q + 1. Let f(p) = s*r(p) - 4*k(p). Determine f(2).
-14
Let s(r) = -6*r**2 - 158*r - 510. Let l(o) = 2*o**2 + 58*o + 170. Let w(c) = -17*l(c) - 6*s(c). Give w(7).
2
Let h = 22571 + -22580. Let p(q) = -q**2 - 4*q + 33. Calculate p(h).
-12
Let l(m) be the third derivative of m**4/24 + 3*m**3/2 - m**2. Let d be 9 + -2 + -1 + (-8)/2. Suppose 2*u = -5*s - 11, d*s - 2*u - 8 + 18 = 0. What is l(s)?
6
Let o be 114/(6 + 0) + -4. Suppose -21*m = -26*m + o. Let w(k) = k**2 + 5*k - 3. What is w(m)?
21
Let s(n) = -n**2 - 20*n + 164. Suppose 0 = -41*i + 89*i - 56*i - 208. Calculate